 307613.
31
Calculate the highest common divisor of 37050 and 693576.
1482
What is the highest common factor of 26950827 and 28269?
1047
What is the highest common divisor of 25620984 and 72?
72
What is the highest common divisor of 5750074 and 2068?
1034
Calculate the greatest common divisor of 3150 and 7650846.
126
What is the greatest common factor of 69691803 and 4071?
177
What is the highest common divisor of 132 and 1059458268?
132
What is the greatest common factor of 585815625 and 6550?
3275
What is the highest common factor of 31839888 and 208?
16
Calculate the highest common factor of 90 and 63738630.
90
Calculate the highest common factor of 13 and 29110289.
13
Calculate the greatest common factor of 30192 and 43024.
16
What is the greatest common divisor of 203619673 and 9068?
2267
What is the highest common divisor of 4353635 and 6435?
715
What is the highest common factor of 1969 and 22651913?
179
What is the highest common divisor of 2359448 and 7319?
13
Calculate the greatest common factor of 2948 and 3317572.
268
Calculate the greatest common factor of 14128 and 14032.
16
Calculate the highest common factor of 3372678 and 78408.
162
What is the highest common factor of 1551 and 328577?
47
What is the greatest common factor of 7 and 12427422?
7
What is the greatest common divisor of 2723392 and 3248?
112
Calculate the greatest common factor of 13517791 and 77.
7
What is the highest common factor of 5086829 and 1804?
451
What is the greatest common divisor of 244770 and 1095?
15
Calculate the greatest common divisor of 41209326 and 2907.
153
Calculate the greatest common divisor of 4461022300 and 994.
994
Calculate the highest common factor of 56055210 and 3550.
710
Calculate the highest common factor of 2706 and 19404.
66
What is the greatest common divisor of 68 and 3045188?
4
Calculate the greatest common factor of 449694 and 155832.
258
Calculate the highest common factor of 116701 and 358507.
191
What is the greatest common divisor of 3850 and 46362778?
154
What is the greatest common divisor of 44712 and 522744?
552
Calculate the greatest common divisor of 14860 and 453340.
20
Calculate the highest common divisor of 40 and 1771183.
1
What is the greatest common divisor of 1636 and 27619361?
409
What is the greatest common divisor of 109256 and 100744?
56
Calculate the highest common factor of 8600 and 754392.
344
What is the highest common factor of 978330923 and 334?
167
Calculate the highest common factor of 32827 and 16959973.
1931
Calculate the highest common divisor of 44714142 and 88.
22
What is the greatest common divisor of 5336 and 95079424?
184
Calculate the greatest common factor of 214837602 and 112.
14
What is the greatest common factor of 21 and 7289517?
3
What is the greatest common divisor of 1812 and 37847244?
1812
Calculate the highest common factor of 156674 and 16606.
722
What is the greatest common divisor of 7733 and 1008607457?
7733
What is the greatest common divisor of 721 and 192039071?
721
What is the greatest common factor of 5344 and 67328?
32
What is the highest common divisor of 1032 and 12850206?
258
What is the highest common divisor of 123527337 and 12?
3
What is the greatest common divisor of 33653 and 916007?
461
What is the greatest common factor of 83766308 and 28?
4
What is the highest common divisor of 7666592 and 4974?
1658
What is the greatest common divisor of 160 and 373482960?
80
What is the highest common divisor of 59597 and 438346?
61
Calculate the greatest common factor of 5514461 and 3904.
61
Calculate the greatest common divisor of 10265960 and 7440.
1240
Calculate the highest common factor of 15641 and 45.
1
What is the highest common factor of 2387337047 and 17?
17
Calculate the highest common factor of 15496231 and 17.
17
Calculate the greatest common factor of 134208 and 2799.
9
What is the highest common factor of 1005525 and 5445?
45
What is the highest common divisor of 341223 and 1604067?
3189
Calculate the highest common divisor of 873 and 22287033.
9
Calculate the highest common factor of 21948 and 26350403.
1829
What is the greatest common factor of 1755 and 11980215?
585
Calculate the highest common factor of 224700 and 28175.
175
Calculate the greatest common factor of 74496048 and 2836.
2836
What is the highest common divisor of 64708 and 6064064?
9244
Calculate the greatest common divisor of 6820877 and 14.
7
What is the greatest common divisor of 203 and 119469067?
29
What is the greatest common divisor of 750044256 and 416?
416
What is the greatest common divisor of 7 and 91195671?
7
What is the highest common factor of 8728 and 2839224?
8
Calculate the greatest common divisor of 23 and 1140169524.
23
Calculate the highest common factor of 132930 and 112410.
90
Calculate the highest common divisor of 381 and 3234563.
127
Calculate the highest common factor of 38936 and 3249544.
248
Calculate the greatest common factor of 60 and 3675156.
12
What is the highest common divisor of 7968 and 226080048?
3984
What is the greatest common factor of 3848 and 2237656?
8
What is the greatest common divisor of 348266 and 1808?
226
What is the highest common divisor of 31272375 and 15?
15
Calculate the greatest common divisor of 91907 and 1719794.
1259
What is the greatest common factor of 2910504 and 312?
24
What is the highest common divisor of 108452377 and 5621?
803
What is the greatest common factor of 371225539 and 2361?
787
What is the greatest common divisor of 2220 and 89887060?
740
What is the greatest common factor of 13880827 and 1799?
257
Calculate the highest common divisor of 54798 and 9312.
6
Calculate the greatest common factor of 388223 and 2175.
29
What is the highest common factor of 23335 and 7475?
65
Calculate the highest common factor of 18 and 482316858.
18
What is the greatest common divisor of 1047708410 and 730?
730
Calculate the greatest common divisor of 11 and 334824281.
11
What is the greatest common divisor of 1161 and 10089?
9
Calculate the greatest common divisor of 440484 and 16920.
564
What is the greatest common factor of 10706 and 342486?
106
What is the highest common factor of 96 and 82803936?
96
What is the highest common divisor of 17380 and 9050240?
1580
Calculate the greatest common factor of 60 and 1482230.
10
What is the highest common factor of 50 and 788195175?
25
What is the highest common factor of 59731020 and 2700?
540
What is the highest common divisor of 2455 and 191?
1
What is the greatest common divisor of 355525 and 339775?
25
Calculate the highest common divisor of 470 and 58528254.
94
Calculate the greatest common factor of 5376 and 447232.
256
What is the greatest common factor of 138149505 and 936?
117
Calculate the highest common factor of 2702515 and 615.
205
Calculate the greatest common divisor of 57 and 37362.
3
Calculate the greatest common divisor of 107207 and 360020.
47
Calculate the highest common factor of 2134145 and 1105.
65
Calculate the highest common divisor of 4527 and 599895.
9
What is the highest common factor of 96719 and 62471038?
2359
What is the greatest common divisor of 1884 and 117720798?
942
Calculate the highest common divisor of 2985 and 498080085.
2985
Calculate the highest common divisor of 62867040 and 48.
48
Calculate the highest common factor of 585752540 and 26810.
3830
Calculate the highest common factor of 6 and 805694.
2
Calculate the greatest common factor of 2634425 and 10727.
631
What is the greatest common factor of 8 and 93599304?
8
Calculate the highest common divisor of 8465 and 171626182.
1693
Calculate the greatest common divisor of 2911979 and 20837215.
17437
Calculate the greatest common divisor of 40320 and 2189502.
126
What is the greatest common divisor of 85453699 and 11153?
587
Calculate the highest common factor of 67147 and 47731.
809
Calculate the highest common factor of 68482620 and 2760.
60
What is the greatest common factor of 8600 and 112445?
215
Calculate the greatest common factor of 51024 and 20636019.
3189
What is the highest common divisor of 21 and 13192134?
3
What is the highest common divisor of 17733196 and 26?
26
Calculate the highest common factor of 450960 and 74640.
240
What is the highest common divisor of 55 and 772732?
1
Calculat